v.
97
Let y = -6310 - -6374. Suppose -54 = -2*n - o - 2*o, 0 = -4*o + 8. Calculate the highest common divisor of y and n.
8
Let u be 2266/11 - 1/(2/(-4)). Let a(c) = 2*c**2 + 6*c + 5. Let z be a(-4). What is the highest common factor of u and z?
13
Let t = 399 + 341. Calculate the greatest common divisor of t and 2.
2
Let o(v) = -v**2 + 8*v - 12. Let j be o(5). Suppose -3*s = -2*a - 5, -j*s + 11 = -a + 4. What is the highest common factor of s and 15?
3
Let f be (2184/(-10))/(3/((-540)/24)). What is the highest common divisor of 637 and f?
91
Let n be (-7)/(14/(-16)) - 0. Suppose 3*q - 218 = 550. What is the highest common factor of n and q?
8
Let p = 128 + -111. Let j be (26/(-8))/(0 + 6/(-408)). What is the greatest common factor of p and j?
17
Let z = -4 + 8. Suppose 3*y = 4*n - 9*n, -y = 3*n. Suppose -5*k = -5, 5*k + n*k = -5*i + 85. Calculate the highest common factor of z and i.
4
Let z = 59 + -135. Let a be (2 - z)*(1 + 0). Let c be 2*(9*3 + -20 + 19). What is the greatest common factor of c and a?
26
Let s = -4843 - -5086. What is the highest common divisor of s and 648?
81
Let x be 68062/20 - (-301)/(-3010). Calculate the greatest common factor of x and 41.
41
Let u = 112 - 78. Suppose 4124*t - 4059*t = -22492 + 126362. What is the highest common divisor of u and t?
34
Let k(n) = 12*n + 4. Let g be k(0). Let y be 1 + (-4)/g*-216. What is the greatest common factor of y and 7?
7
Suppose -24*q + 9056 = 4*a - 22*q, -2*a = 5*q - 4544. Calculate the highest common factor of a and 390.
78
Let y be 819/(20 - 11) + -6. Calculate the greatest common divisor of y and 8755.
85
Let p be 7 + -2 + -6*518/(-6). Let a = p + -501. What is the greatest common factor of 14 and a?
2
Let q = 319 + -304. Let n = -108 + 221. Let p = n + -68. Calculate the greatest common divisor of p and q.
15
Let x be (243/189)/(6/28). Calculate the greatest common divisor of 2544 and x.
6
Let p be (6/(-2) + 8)*19. Let x = -75 - -113. Calculate the greatest common divisor of p and x.
19
Let f = -544 + 974. Suppose -5*h + 1610 = f. Let g = h + -16. Calculate the highest common divisor of g and 20.
20
Let n = 68 - 66. Suppose 5*v - 465 = -5*s, 3*s - 195 = -2*v - n*s. Calculate the highest common divisor of v and 40.
10
Let b(i) = -i**3 + 10*i**2 + 10*i - 78. Let f be b(10). What is the greatest common divisor of f and 36?
2
Suppose -13*r + 6*r = -3*r - 248. What is the highest common factor of r and 62?
62
Let u(x) = 41*x**2 + 10*x + 175. Let y be u(15). Calculate the greatest common divisor of y and 100.
50
Suppose -5*x = 2*n - 132069, 33*x - 47*x + 2*n = -369816. Calculate the highest common factor of x and 15.
15
Let r(d) = -1755*d - 1745. Let g be r(-1). Let w = 2 + 3. What is the greatest common factor of w and g?
5
Let a(f) = f**3 + 14*f**2 + 11*f - 12. Let k be a(-13). Suppose -r - 108 = -4*r. Let y = -22 + r. What is the greatest common divisor of k and y?
14
Let l be 10*(7 + 63/(-10)). Suppose -t = 95 - 4. Let u = t - -168. What is the highest common divisor of l and u?
7
Let b(z) = -z**3 - z**2 + 6*z + 6. Let o be b(-4). Let n be -27*23/((-1656)/80). Calculate the highest common factor of o and n.
30
Suppose -3*a - 5*q + 7724 = -6*a, -4*a = q + 10291. Let b be (a/(-7) - -4) + 12/28. What is the highest common divisor of 3 and b?
3
Suppose -88*t + 1456 = -32*t. Suppose t = 2*s - a + 4*a, -a = -2*s + 34. What is the greatest common factor of 56 and s?
8
Let g(r) = -75*r + 1005. Let j be g(13). Calculate the highest common divisor of 222 and j.
6
Suppose 5*y - q - 494 = -49, -4*q + 290 = 3*y. What is the highest common factor of 70 and y?
10
Let j = 672 + -288. Let l = -381 + j. What is the greatest common divisor of 3 and l?
3
Let d(s) = -34*s**3 + 5*s**2 + 4*s + 6. Let i be d(-2). What is the greatest common divisor of i and 1885?
145
Let w(g) = -3*g**2 - 39*g + 10. Suppose -242 = 29*b - 7*b. Let p be w(b). What is the greatest common divisor of 95 and p?
19
Let f(i) = -27*i - 828. Let q be f(-35). What is the highest common factor of q and 108?
9
Let v(w) = -3*w - 32. Let o(q) = -2*q - 16. Let x(a) = 5*o(a) - 3*v(a). Let d be x(14). Calculate the greatest common divisor of d and 38.
2
Suppose 2*z + m = 560, 15*z + 287 = 16*z - 3*m. Let h = -221 + z. Calculate the greatest common factor of h and 60.
60
Suppose -48*c + 20*c + 3050 = 33*c. Calculate the greatest common divisor of c and 230.
10
Let v(b) = -23*b - 15. Let t(c) = 8*c + 5. Let i(w) = -17*t(w) - 6*v(w). Let z be i(0). Let k = 17 - z. Calculate the greatest common divisor of 60 and k.
12
Let r be -36*((-45)/12)/3. Let l be 1815/r - (-2)/(-6). Let y(s) = 7*s - 8. Let f be y(4). Calculate the greatest common divisor of l and f.
20
Suppose 2*s = 11*s. Suppose 2*l + 5*p - 710 = s, -2*p - 1027 = -4*l + l. What is the greatest common divisor of 30 and l?
15
Let s(m) = -7*m - 87. Let b be s(-12). Let f be (-4)/b + 440/120. What is the greatest common factor of f and 35?
5
Let a = 209 + -149. Let o be a/4 - (-2)/(-2). Suppose -13*m - 8 = -o*m. Calculate the highest common factor of m and 4.
4
Let i = -185 - -190. Suppose -i*v - 3*u = -110, 2*v + 5*u - 54 + 10 = 0. What is the greatest common divisor of 682 and v?
22
Let o be (-6)/(-4) - (2 - (-10)/(-4)). Suppose -o*j - 1620 = -11*j. Suppose -d - 3*d + j = 0. Calculate the highest common divisor of d and 9.
9
Let d(h) = h**2 - h + 5. Let v be d(0). Let j(m) = -6*m**3 + m**2 + 3*m**3 - 6 + 8 + 4*m**3 - m. Let a be j(v). What is the highest common factor of 21 and a?
21
Let w = 2855 - 2559. What is the highest common divisor of w and 8?
8
Suppose -n - 4*j = -3*n + 8, 5*j + 10 = 3*n. Suppose n = -4*f + 8*f - 24. Let i be (13 + -10)*28/f. Calculate the highest common divisor of 154 and i.
14
Let h(a) = 2 + 778*a + 4 - 790*a. Let g be h(-2). Calculate the highest common factor of g and 465.
15
Suppose -45*g + 42*g + 117 = 0. Let d = g - -11. Let o be (99/(-5))/((-5)/d*2). What is the greatest common divisor of o and 11?
11
Let m(t) = 5*t. Let s be m(1). Suppose -3*f = 4*h - 136, 108 = 3*f - s*h + 2*h. Let i = 55 + -39. What is the greatest common factor of i and f?
8
Suppose -1203*j + 617*j = -618*j + 512. Let r = -114 + 170. Let v be 24*(-2 + r/6). Calculate the greatest common factor of j and v.
16
Let y = -7567 + 7892. What is the greatest common divisor of y and 700?
25
Suppose 12 = 2*l + 3*m - 174, -3*m - 444 = -5*l. Calculate the greatest common divisor of 14310 and l.
90
Suppose -112*a = -102*a - 1900. Calculate the highest common divisor of 330 and a.
10
Let x(o) = o**3 - 7*o**2 - o + 19. Suppose -4*d + 13 + 23 = 0. Let g be x(d). What is the greatest common factor of g and 86?
86
Let s(k) = k**2 - 8*k + 9. Let b be s(7). Suppose -b*d = -10 - 30. Calculate the greatest common factor of d and 80.
20
Let s = -1874 + 6518. Calculate the greatest common factor of s and 344.
172
Let u(d) = 3*d**3 - 6*d**2 - 10*d - 144. Let s be u(8). What is the greatest common divisor of s and 6?
2
Suppose 5*i - 3 - 27 = 0. Let a(v) = -2108*v**2 - 1. Let m be a(-1). Let q be i/(-10) - m/15. Calculate the greatest common divisor of 20 and q.
20
Let a = -53740 - -54191. Let j(g) = -13*g + 2. Suppose -3*q = -0*q + 9. Let y be j(q). Calculate the highest common factor of a and y.
41
Suppose -4*m - w + 142 = 0, -207*m + 3*w - 66 = -209*m. What is the highest common divisor of m and 4500?
36
Let b be 26/(-13) - -810 - -4. Calculate the greatest common divisor of b and 168.
28
Let z(g) = g**2 + 12*g - 38. Let c be z(-15). Let o = 183 + -106. What is the greatest common factor of c and o?
7
Let z(a) = -1836*a + 2172. Let r be z(-3). What is the greatest common factor of 30 and r?
30
Let x(h) = 4*h**2 - 3*h - 2. Let l be x(-3). Let d be 80/64*(236 + -64). What is the highest common factor of d and l?
43
Let k(i) = 4*i**3 + 6*i**2 - 5*i + 3. Let m be k(4). Let l be ((-30)/(-105))/(-1*(-10)/175). Calculate the greatest common divisor of l and m.
5
Suppose z - 102 = -b, b + b + 4*z = 198. Let x = b + -98. Let v be 4/1*x/28. Calculate the highest common divisor of v and 1.
1
Let p = 462 - 283. Suppose 2*u - z - 109 = -u, 5*u - p = -z. What is the highest common factor of 48 and u?
12
Let i = 435 + -206. Let a = i - 191. Calculate the greatest common factor of 209 and a.
19
Let v(k) = k**2 + 